{"id":326,"date":"2024-03-08T18:31:01","date_gmt":"2024-03-08T21:31:01","guid":{"rendered":"https:\/\/www.fae.ufmg.br\/lecampo\/?page_id=326"},"modified":"2024-03-08T18:31:04","modified_gmt":"2024-03-08T21:31:04","slug":"programa-de-educacao-tutorial-pet-educacao-do-campo","status":"publish","type":"page","link":"https:\/\/www.fae.ufmg.br\/lecampo\/programa-de-educacao-tutorial-pet-educacao-do-campo\/","title":{"rendered":"Programa de Educa\u00e7\u00e3o Tutorial (PET &#8211; Educa\u00e7\u00e3o do Campo)"},"content":{"rendered":"","protected":false},"excerpt":{"rendered":"","protected":false},"author":35,"featured_media":0,"parent":0,"menu_order":0,"comment_status":"closed","ping_status":"closed","template":"","meta":[],"blocksy_meta":{"styles_descriptor":{"styles":{"desktop":"","tablet":"","mobile":""},"google_fonts":[]}},"_links":{"self":[{"href":"https:\/\/www.fae.ufmg.br\/lecampo\/wp-json\/wp\/v2\/pages\/326"}],"collection":[{"href":"https:\/\/www.fae.ufmg.br\/lecampo\/wp-json\/wp\/v2\/pages"}],"about":[{"href":"https:\/\/www.fae.ufmg.br\/lecampo\/wp-json\/wp\/v2\/types\/page"}],"author":[{"embeddable":true,"href":"https:\/\/www.fae.ufmg.br\/lecampo\/wp-json\/wp\/v2\/users\/35"}],"replies":[{"embeddable":true,"href":"https:\/\/www.fae.ufmg.br\/lecampo\/wp-json\/wp\/v2\/comments?post=326"}],"version-history":[{"count":2,"href":"https:\/\/www.fae.ufmg.br\/lecampo\/wp-json\/wp\/v2\/pages\/326\/revisions"}],"predecessor-version":[{"id":336,"href":"https:\/\/www.fae.ufmg.br\/lecampo\/wp-json\/wp\/v2\/pages\/326\/revisions\/336"}],"wp:attachment":[{"href":"https:\/\/www.fae.ufmg.br\/lecampo\/wp-json\/wp\/v2\/media?parent=326"}],"curies":[{"name":"wp","href":"https:\/\/api.w.org\/{rel}","templated":true}]}}