{"id":323,"date":"2024-03-08T18:30:25","date_gmt":"2024-03-08T21:30:25","guid":{"rendered":"https:\/\/www.fae.ufmg.br\/lecampo\/?page_id=323"},"modified":"2024-03-08T18:30:29","modified_gmt":"2024-03-08T21:30:29","slug":"programa-institucional-de-bolsas-de-iniciacao-a-docencia-pibid","status":"publish","type":"page","link":"https:\/\/www.fae.ufmg.br\/lecampo\/programa-institucional-de-bolsas-de-iniciacao-a-docencia-pibid\/","title":{"rendered":"Programa Institucional de Bolsas de Inicia\u00e7\u00e3o \u00e0 Doc\u00eancia &#8211; PIBID"},"content":{"rendered":"","protected":false},"excerpt":{"rendered":"","protected":false},"author":35,"featured_media":0,"parent":0,"menu_order":0,"comment_status":"closed","ping_status":"closed","template":"","meta":[],"blocksy_meta":{"styles_descriptor":{"styles":{"desktop":"","tablet":"","mobile":""},"google_fonts":[]}},"_links":{"self":[{"href":"https:\/\/www.fae.ufmg.br\/lecampo\/wp-json\/wp\/v2\/pages\/323"}],"collection":[{"href":"https:\/\/www.fae.ufmg.br\/lecampo\/wp-json\/wp\/v2\/pages"}],"about":[{"href":"https:\/\/www.fae.ufmg.br\/lecampo\/wp-json\/wp\/v2\/types\/page"}],"author":[{"embeddable":true,"href":"https:\/\/www.fae.ufmg.br\/lecampo\/wp-json\/wp\/v2\/users\/35"}],"replies":[{"embeddable":true,"href":"https:\/\/www.fae.ufmg.br\/lecampo\/wp-json\/wp\/v2\/comments?post=323"}],"version-history":[{"count":1,"href":"https:\/\/www.fae.ufmg.br\/lecampo\/wp-json\/wp\/v2\/pages\/323\/revisions"}],"predecessor-version":[{"id":325,"href":"https:\/\/www.fae.ufmg.br\/lecampo\/wp-json\/wp\/v2\/pages\/323\/revisions\/325"}],"wp:attachment":[{"href":"https:\/\/www.fae.ufmg.br\/lecampo\/wp-json\/wp\/v2\/media?parent=323"}],"curies":[{"name":"wp","href":"https:\/\/api.w.org\/{rel}","templated":true}]}}