{"id":516,"date":"2022-04-11T09:18:10","date_gmt":"2022-04-11T12:18:10","guid":{"rendered":"https:\/\/www.fae.ufmg.br\/biblioteca\/?page_id=516"},"modified":"2022-04-11T16:22:45","modified_gmt":"2022-04-11T19:22:45","slug":"emprestimo","status":"publish","type":"page","link":"https:\/\/www.fae.ufmg.br\/biblioteca\/servicos-e-produtos\/emprestimo\/","title":{"rendered":"Empr\u00e9stimo"},"content":{"rendered":"\n<p>Para realizar empr\u00e9stimos \u00e9 necess\u00e1rio apresentar a carteira \u00fanica da UFMG, de uso pessoal e intransfer\u00edvel. Na sua aus\u00eancia, poder\u00e1 ser apresentado documento original com foto e comprovante de matr\u00edcula atualizado.<\/p>\n\n\n\n<p><strong>Empr\u00e9stimo Domiciliar&nbsp;<\/strong><\/p>\n\n\n\n<p>Permite, aos usu\u00e1rios com v\u00ednculo com a UFMG, a retirada de material em qualquer biblioteca por per\u00edodo determinado. Se voc\u00ea for aluno da educa\u00e7\u00e3o b\u00e1sica, ou da educa\u00e7\u00e3o de jovens e adultos, apresente seu comprovante de matr\u00edcula e documento oficial com foto.<\/p>\n\n\n\n<p><strong>Empr\u00e9stimo Especial<\/strong><\/p>\n\n\n\n<p>\u00c9 um empr\u00e9stimo feito em situa\u00e7\u00f5es especiais com dura\u00e7\u00e3o diferenciada para obras espec\u00edficas. Poder\u00e1 ser feito o empr\u00e9stimo noturno dessas obras, ou seja, elas poder\u00e3o ser emprestadas do final da tarde at\u00e9 a hora de abertura no dia seguinte ou durante finais de semana e feriados, desde que a devolu\u00e7\u00e3o seja feita no primeiro dia \u00fatil.<\/p>\n\n\n\n<p><strong>Empr\u00e9stimo R\u00e1pido<\/strong><\/p>\n\n\n\n<p>Permite a retirada do material da biblioteca por duas horas pelos usu\u00e1rios sem v\u00ednculo com a UFMG. O empr\u00e9stimo \u00e9 realizado mediante preenchimento de formul\u00e1rio e a reten\u00e7\u00e3o do documento de identidade durante o per\u00edodo de empr\u00e9stimo.<\/p>\n\n\n\n<p><strong>Empr\u00e9stimo entre Bibliotecas<\/strong><\/p>\n\n\n\n<p>Permite que as pessoas com v\u00ednculo na UFMG realizem o empr\u00e9stimo em bibliotecas de outras institui\u00e7\u00f5es do pa\u00eds e tamb\u00e9m que pessoas sem v\u00ednculo com a UFMG realizem o empr\u00e9stimo de obras pertencentes ao acervo do Sistema. Para fazer isso, voc\u00ea dever\u00e1 solicitar a obra na biblioteca \u00e0 qual esteja vinculado, ap\u00f3s ser feito cadastro de coopera\u00e7\u00e3o entre as bibliotecas.<\/p>\n\n\n\n<p><strong>Solicita\u00e7\u00e3o de material de outros campi<\/strong><\/p>\n\n\n\n<p>Voc\u00ea pode solicitar, na biblioteca de sua unidade, o recebimento de obras localizadas em outros campi. O pedido est\u00e1 sujeito \u00e0 disponibilidade da obra.<\/p>\n\n\n\n<p><\/p>\n\n\n\n<p><\/p>\n\n\n\n<p><strong>Prazos de Empr\u00e9stimo e quantidade de obras<\/strong><\/p>\n\n\n\n<p>Acervo do Campus Pampulha, Direito, Arquitetura e ICA<\/p>\n\n\n\n<figure class=\"wp-block-table\"><table><tbody><tr><td><em>Tipo de usu\u00e1rio<\/em><\/td><td><em>Quantidade de obras<\/em><\/td><td><em>Prazo em dias<\/em><\/td><\/tr><tr><td>Alunos do Ensino Fundamental 1\u00ba e 2\u00ba ano<\/td><td>1<\/td><td>14<\/td><\/tr><tr><td>Alunos do Ensino Fundamental 3\u00ba e 4\u00ba ano<\/td><td>3<\/td><td>14<\/td><\/tr><tr><td>Alunos do Ensino Fundamental 5\u00ba ao 9\u00ba ano<\/td><td>5<\/td><td>14<\/td><\/tr><tr><td>Alunos do ensino t\u00e9cnico<\/td><td>5<\/td><td>14<\/td><\/tr><tr><td>Alunos da educa\u00e7\u00e3o de jovens e adultos (EJA)<\/td><td>5<\/td><td>14<\/td><\/tr><tr><td>Alunos da gradua\u00e7\u00e3o<\/td><td>5<\/td><td>14<\/td><\/tr><tr><td>Alunos da p\u00f3s-gradua\u00e7\u00e3o<\/td><td>7<\/td><td>28<\/td><\/tr><tr><td>Servidores TAE<\/td><td>5<\/td><td>14<\/td><\/tr><tr><td>Funcion\u00e1rios contratados e residentes<\/td><td>5<\/td><td>14<\/td><\/tr><tr><td>Menores da Cruz Vermelha<\/td><td>5<\/td><td>14<\/td><\/tr><tr><td>Professores<\/td><td>7<\/td><td>28<\/td><\/tr><tr><td>Professores e alunos da p\u00f3s-gradua\u00e7\u00e3o da Escola de Veterin\u00e1ria e do Instituto de Ci\u00eancias Agr\u00e1rias<\/td><td>7<\/td><td>14<\/td><\/tr><\/tbody><\/table><\/figure>\n\n\n\n<p>Acervo do Campus Sa\u00fade<\/p>\n\n\n\n<figure class=\"wp-block-table\"><table><tbody><tr><td><em>Tipo de usu\u00e1rio<\/em><\/td><td><em>Quantidade de obras<\/em><\/td><td><em>Prazo em dias<\/em><\/td><\/tr><tr><td>Alunos da gradua\u00e7\u00e3o<\/td><td>5<\/td><td>7<\/td><\/tr><tr><td>Alunos da p\u00f3s-gradua\u00e7\u00e3o<\/td><td>7<\/td><td>7<\/td><\/tr><tr><td>Servidores TAEs e residentes m\u00e9dicos<\/td><td>5<\/td><td>7<\/td><\/tr><tr><td>Professores<\/td><td>7<\/td><td>7<\/td><\/tr><\/tbody><\/table><\/figure>\n","protected":false},"excerpt":{"rendered":"<p>Para realizar empr\u00e9stimos \u00e9 necess\u00e1rio apresentar a carteira \u00fanica da UFMG, de uso pessoal e intransfer\u00edvel. Na sua aus\u00eancia, poder\u00e1 ser apresentado documento original com foto e comprovante de matr\u00edcula atualizado. Empr\u00e9stimo Domiciliar&nbsp; Permite, aos usu\u00e1rios com v\u00ednculo com a UFMG, a retirada de material em qualquer biblioteca por per\u00edodo determinado. Se voc\u00ea for aluno da educa\u00e7\u00e3o b\u00e1sica, ou da educa\u00e7\u00e3o de jovens e adultos, apresente seu comprovante de matr\u00edcula e documento oficial com foto. Empr\u00e9stimo Especial \u00c9 um empr\u00e9stimo feito em situa\u00e7\u00f5es especiais com dura\u00e7\u00e3o diferenciada para obras espec\u00edficas. Poder\u00e1 ser feito o empr\u00e9stimo noturno dessas obras, ou seja,\u2026<\/p>\n","protected":false},"author":1,"featured_media":0,"parent":48,"menu_order":4,"comment_status":"closed","ping_status":"closed","template":"","meta":[],"blocksy_meta":{"styles_descriptor":{"styles":{"desktop":"","tablet":"","mobile":""},"google_fonts":[]}},"_links":{"self":[{"href":"https:\/\/www.fae.ufmg.br\/biblioteca\/wp-json\/wp\/v2\/pages\/516"}],"collection":[{"href":"https:\/\/www.fae.ufmg.br\/biblioteca\/wp-json\/wp\/v2\/pages"}],"about":[{"href":"https:\/\/www.fae.ufmg.br\/biblioteca\/wp-json\/wp\/v2\/types\/page"}],"author":[{"embeddable":true,"href":"https:\/\/www.fae.ufmg.br\/biblioteca\/wp-json\/wp\/v2\/users\/1"}],"replies":[{"embeddable":true,"href":"https:\/\/www.fae.ufmg.br\/biblioteca\/wp-json\/wp\/v2\/comments?post=516"}],"version-history":[{"count":3,"href":"https:\/\/www.fae.ufmg.br\/biblioteca\/wp-json\/wp\/v2\/pages\/516\/revisions"}],"predecessor-version":[{"id":529,"href":"https:\/\/www.fae.ufmg.br\/biblioteca\/wp-json\/wp\/v2\/pages\/516\/revisions\/529"}],"up":[{"embeddable":true,"href":"https:\/\/www.fae.ufmg.br\/biblioteca\/wp-json\/wp\/v2\/pages\/48"}],"wp:attachment":[{"href":"https:\/\/www.fae.ufmg.br\/biblioteca\/wp-json\/wp\/v2\/media?parent=516"}],"curies":[{"name":"wp","href":"https:\/\/api.w.org\/{rel}","templated":true}]}}