{"id":496,"date":"2022-04-08T17:27:53","date_gmt":"2022-04-08T20:27:53","guid":{"rendered":"https:\/\/www.fae.ufmg.br\/biblioteca\/?page_id=496"},"modified":"2022-04-08T17:27:54","modified_gmt":"2022-04-08T20:27:54","slug":"comutacao-bibliografica","status":"publish","type":"page","link":"https:\/\/www.fae.ufmg.br\/biblioteca\/servicos-e-produtos\/comutacao-bibliografica\/","title":{"rendered":"Comuta\u00e7\u00e3o Bibliogr\u00e1fica"},"content":{"rendered":"\n<p>O Programa de Comuta\u00e7\u00e3o Bibliogr\u00e1fica (COMUT) permite a obten\u00e7\u00e3o de partes de documentos, peri\u00f3dicos, disserta\u00e7\u00f5es, teses, relat\u00f3rios, anais, entre outros, que se encontram dispon\u00edveis nos acervos das principais bibliotecas e servi\u00e7os de informa\u00e7\u00f5es nacionais e internacionais, respeitando a legisla\u00e7\u00e3o de direitos autorais.<\/p>\n\n\n\n<p>Para solicitar c\u00f3pia de tais documentos, o usu\u00e1rio dever\u00e1 procurar a biblioteca ou enviar um e-mail para bibref@fae.ufmg.br com a refer\u00eancia completa do documento desejado. O atendimento \u00e9 efetuado mediante pagamento de b\u00f4nus COMUT, via Guia de Recolhimento da Uni\u00e3o (GRU).<\/p>\n\n\n\n<p>Clique abaixo para ter acesso \u00e0 tabela de pre\u00e7os: <\/p>\n\n\n\n<p><a href=\"http:\/\/comut.ibict.br\/comut\/do\/bonusHelp?op=tabelaPrecos\">http:\/\/comut.ibict.br\/comut\/do\/bonusHelp?op=tabelaPrecos<\/a><\/p>\n","protected":false},"excerpt":{"rendered":"<p>O Programa de Comuta\u00e7\u00e3o Bibliogr\u00e1fica (COMUT) permite a obten\u00e7\u00e3o de partes de documentos, peri\u00f3dicos, disserta\u00e7\u00f5es, teses, relat\u00f3rios, anais, entre outros, que se encontram dispon\u00edveis nos acervos das principais bibliotecas e servi\u00e7os de informa\u00e7\u00f5es nacionais e internacionais, respeitando a legisla\u00e7\u00e3o de direitos autorais. Para solicitar c\u00f3pia de tais documentos, o usu\u00e1rio dever\u00e1 procurar a biblioteca ou enviar um e-mail para bibref@fae.ufmg.br com a refer\u00eancia completa do documento desejado. O atendimento \u00e9 efetuado mediante pagamento de b\u00f4nus COMUT, via Guia de Recolhimento da Uni\u00e3o (GRU). Clique abaixo para ter acesso \u00e0 tabela de pre\u00e7os: http:\/\/comut.ibict.br\/comut\/do\/bonusHelp?op=tabelaPrecos<\/p>\n","protected":false},"author":18,"featured_media":0,"parent":48,"menu_order":2,"comment_status":"closed","ping_status":"closed","template":"","meta":[],"blocksy_meta":{"styles_descriptor":{"styles":{"desktop":"","tablet":"","mobile":""},"google_fonts":[]}},"_links":{"self":[{"href":"https:\/\/www.fae.ufmg.br\/biblioteca\/wp-json\/wp\/v2\/pages\/496"}],"collection":[{"href":"https:\/\/www.fae.ufmg.br\/biblioteca\/wp-json\/wp\/v2\/pages"}],"about":[{"href":"https:\/\/www.fae.ufmg.br\/biblioteca\/wp-json\/wp\/v2\/types\/page"}],"author":[{"embeddable":true,"href":"https:\/\/www.fae.ufmg.br\/biblioteca\/wp-json\/wp\/v2\/users\/18"}],"replies":[{"embeddable":true,"href":"https:\/\/www.fae.ufmg.br\/biblioteca\/wp-json\/wp\/v2\/comments?post=496"}],"version-history":[{"count":1,"href":"https:\/\/www.fae.ufmg.br\/biblioteca\/wp-json\/wp\/v2\/pages\/496\/revisions"}],"predecessor-version":[{"id":497,"href":"https:\/\/www.fae.ufmg.br\/biblioteca\/wp-json\/wp\/v2\/pages\/496\/revisions\/497"}],"up":[{"embeddable":true,"href":"https:\/\/www.fae.ufmg.br\/biblioteca\/wp-json\/wp\/v2\/pages\/48"}],"wp:attachment":[{"href":"https:\/\/www.fae.ufmg.br\/biblioteca\/wp-json\/wp\/v2\/media?parent=496"}],"curies":[{"name":"wp","href":"https:\/\/api.w.org\/{rel}","templated":true}]}}